{"id":7834,"date":"2021-04-07T23:59:31","date_gmt":"2021-04-08T04:59:31","guid":{"rendered":"https:\/\/soscia.pe\/Consultas\/?page_id=7834"},"modified":"2021-04-13T01:01:31","modified_gmt":"2021-04-13T06:01:31","slug":"categoria-laboral","status":"publish","type":"page","link":"https:\/\/soscia.pe\/Consultas\/categoria-laboral\/","title":{"rendered":"categoria-laboral"},"content":{"rendered":"<section class=\"l-section wpb_row height_custom\"><div class=\"l-section-h i-cf\"><div class=\"g-cols vc_row type_default valign_top\"><div class=\"vc_col-sm-12 wpb_column vc_column_container\"><div class=\"vc_column-inner\"><div class=\"wpb_wrapper\"><div class=\"w-grid post_categorias type_grid layout_blog_1 cols_2\" id=\"us_grid_1\" data-filterable=\"true\"><style id=\"us_grid_1_css\">#us_grid_1 .w-grid-item{padding:1.5rem}#us_grid_1 .w-grid-list{margin:-1.5rem}.w-grid + #us_grid_1 .w-grid-list{margin-top:1.5rem}@media (max-width:599px){#us_grid_1 .w-grid-list{margin:0}#us_grid_1 .w-grid-item{width:100.0000%;padding:0;margin-bottom:1.5rem}}<\/style><style>.layout_blog_1 .w-grid-item-h{}.layout_blog_1 .usg_post_image_1{margin-bottom:0.5rem!important}.layout_blog_1 .usg_post_title_1{font-size:1rem!important}<\/style><div class=\"w-grid-list\" >\t<article class=\"w-grid-item size_1x1 post-8731 post type-post status-publish format-standard has-post-thumbnail hentry category-laboral tag-pagar-con-planilla tag-pagar-con-recibos-por-honorarios\" data-id=\"8731\">\r\n\t\t<div class=\"w-grid-item-h\">\r\n\t\t\t\t\t\t<div class=\"w-post-elm post_image usg_post_image_1 stretched\"><a href=\"https:\/\/soscia.pe\/Consultas\/conviene-pagar-con-planilla-o-con-recibos-por-honorarios\/\" aria-label=\"\u00bfConviene pagar con planilla o con recibos por honorarios? Comparativa amigable para empresarios\"><img fetchpriority=\"high\" decoding=\"async\" width=\"1536\" height=\"1024\" src=\"https:\/\/soscia.pe\/Consultas\/wp-content\/uploads\/2025\/08\/Conviene-pagar-con-planilla-o-con-recibos-por-honorarios.webp\" class=\"attachment-us_600_600_crop size-us_600_600_crop wp-post-image\" alt=\"Conviene pagar con planilla o con recibos por honorarios\" srcset=\"https:\/\/soscia.pe\/Consultas\/wp-content\/uploads\/2025\/08\/Conviene-pagar-con-planilla-o-con-recibos-por-honorarios.webp 1536w, https:\/\/soscia.pe\/Consultas\/wp-content\/uploads\/2025\/08\/Conviene-pagar-con-planilla-o-con-recibos-por-honorarios-300x200.webp 300w, https:\/\/soscia.pe\/Consultas\/wp-content\/uploads\/2025\/08\/Conviene-pagar-con-planilla-o-con-recibos-por-honorarios-1024x683.webp 1024w\" sizes=\"(max-width: 1536px) 100vw, 1536px\" \/><\/a><\/div><h2 class=\"w-post-elm post_title usg_post_title_1 entry-title color_link_inherit\"><a href=\"https:\/\/soscia.pe\/Consultas\/conviene-pagar-con-planilla-o-con-recibos-por-honorarios\/\">\u00bfConviene pagar con planilla o con recibos por honorarios? Comparativa amigable para empresarios<\/a><\/h2>\t\t<\/div>\r\n\t<\/article>\r\n\t<article class=\"w-grid-item size_1x1 post-8713 post type-post status-publish format-standard has-post-thumbnail hentry category-laboral\" data-id=\"8713\">\r\n\t\t<div class=\"w-grid-item-h\">\r\n\t\t\t\t\t\t<div class=\"w-post-elm post_image usg_post_image_1 stretched\"><a href=\"https:\/\/soscia.pe\/Consultas\/5-formas-legales-de-reducir-los-sobrecostos-laborales\/\" aria-label=\"5 formas legales de reducir los sobrecostos laborales\"><img decoding=\"async\" width=\"1200\" height=\"800\" src=\"https:\/\/soscia.pe\/Consultas\/wp-content\/uploads\/2025\/08\/sobrecostos-laborales.jpg\" class=\"attachment-us_600_600_crop size-us_600_600_crop wp-post-image\" alt=\"formas legales de reducir los sobrecostos laborales\" srcset=\"https:\/\/soscia.pe\/Consultas\/wp-content\/uploads\/2025\/08\/sobrecostos-laborales.jpg 1200w, https:\/\/soscia.pe\/Consultas\/wp-content\/uploads\/2025\/08\/sobrecostos-laborales-300x200.jpg 300w, https:\/\/soscia.pe\/Consultas\/wp-content\/uploads\/2025\/08\/sobrecostos-laborales-1024x683.jpg 1024w\" sizes=\"(max-width: 1200px) 100vw, 1200px\" \/><\/a><\/div><h2 class=\"w-post-elm post_title usg_post_title_1 entry-title color_link_inherit\"><a href=\"https:\/\/soscia.pe\/Consultas\/5-formas-legales-de-reducir-los-sobrecostos-laborales\/\">5 formas legales de reducir los sobrecostos laborales<\/a><\/h2>\t\t<\/div>\r\n\t<\/article>\r\n\t<article class=\"w-grid-item size_1x1 post-8710 post type-post status-publish format-standard has-post-thumbnail hentry category-laboral\" data-id=\"8710\">\r\n\t\t<div class=\"w-grid-item-h\">\r\n\t\t\t\t\t\t<div class=\"w-post-elm post_image usg_post_image_1 stretched\"><a href=\"https:\/\/soscia.pe\/Consultas\/como-optimizar-el-calculo-de-planillas\/\" aria-label=\"\u00bfC\u00f3mo optimizar el c\u00e1lculo de planillas y evitar sanciones?\"><img decoding=\"async\" width=\"1536\" height=\"1024\" src=\"https:\/\/soscia.pe\/Consultas\/wp-content\/uploads\/2025\/07\/como-optimizar-el-calculo-de-planillas-y-evitar-sanciones.webp\" class=\"attachment-us_600_600_crop size-us_600_600_crop wp-post-image\" alt=\"C\u00f3mo optimizar el c\u00e1lculo de planillas y evitar sanciones\" srcset=\"https:\/\/soscia.pe\/Consultas\/wp-content\/uploads\/2025\/07\/como-optimizar-el-calculo-de-planillas-y-evitar-sanciones.webp 1536w, https:\/\/soscia.pe\/Consultas\/wp-content\/uploads\/2025\/07\/como-optimizar-el-calculo-de-planillas-y-evitar-sanciones-300x200.webp 300w, https:\/\/soscia.pe\/Consultas\/wp-content\/uploads\/2025\/07\/como-optimizar-el-calculo-de-planillas-y-evitar-sanciones-1024x683.webp 1024w\" sizes=\"(max-width: 1536px) 100vw, 1536px\" \/><\/a><\/div><h2 class=\"w-post-elm post_title usg_post_title_1 entry-title color_link_inherit\"><a href=\"https:\/\/soscia.pe\/Consultas\/como-optimizar-el-calculo-de-planillas\/\">\u00bfC\u00f3mo optimizar el c\u00e1lculo de planillas y evitar sanciones?<\/a><\/h2>\t\t<\/div>\r\n\t<\/article>\r\n\t<article class=\"w-grid-item size_1x1 post-8635 post type-post status-publish format-standard has-post-thumbnail hentry category-laboral tag-contrato-de-planilla tag-contrato-por-locacion-de-servicios\" data-id=\"8635\">\r\n\t\t<div class=\"w-grid-item-h\">\r\n\t\t\t\t\t\t<div class=\"w-post-elm post_image usg_post_image_1 stretched\"><a href=\"https:\/\/soscia.pe\/Consultas\/contratos-por-locacion-de-servicios-vs-planilla\/\" aria-label=\"Contratos por locaci\u00f3n de servicios vs. planilla: \u00bfCu\u00e1l conviene m\u00e1s a tu empresa en Per\u00fa?\"><img loading=\"lazy\" decoding=\"async\" width=\"1792\" height=\"1024\" src=\"https:\/\/soscia.pe\/Consultas\/wp-content\/uploads\/2025\/02\/Contratos-por-locacion-de-servicios-vs-planilla.webp\" class=\"attachment-us_600_600_crop size-us_600_600_crop wp-post-image\" alt=\"Contratos por locaci\u00f3n de servicios vs. planilla\" srcset=\"https:\/\/soscia.pe\/Consultas\/wp-content\/uploads\/2025\/02\/Contratos-por-locacion-de-servicios-vs-planilla.webp 1792w, https:\/\/soscia.pe\/Consultas\/wp-content\/uploads\/2025\/02\/Contratos-por-locacion-de-servicios-vs-planilla-300x171.webp 300w, https:\/\/soscia.pe\/Consultas\/wp-content\/uploads\/2025\/02\/Contratos-por-locacion-de-servicios-vs-planilla-1024x585.webp 1024w, https:\/\/soscia.pe\/Consultas\/wp-content\/uploads\/2025\/02\/Contratos-por-locacion-de-servicios-vs-planilla-1536x878.webp 1536w\" sizes=\"(max-width: 1792px) 100vw, 1792px\" \/><\/a><\/div><h2 class=\"w-post-elm post_title usg_post_title_1 entry-title color_link_inherit\"><a href=\"https:\/\/soscia.pe\/Consultas\/contratos-por-locacion-de-servicios-vs-planilla\/\">Contratos por locaci\u00f3n de servicios vs. planilla: \u00bfCu\u00e1l conviene m\u00e1s a tu empresa en Per\u00fa?<\/a><\/h2>\t\t<\/div>\r\n\t<\/article>\r\n\t<article class=\"w-grid-item size_1x1 post-8479 post type-post status-publish format-standard has-post-thumbnail hentry category-laboral tag-beneficios-laborales tag-beneficios-sociales tag-trabajadores\" data-id=\"8479\">\r\n\t\t<div class=\"w-grid-item-h\">\r\n\t\t\t\t\t\t<div class=\"w-post-elm post_image usg_post_image_1 stretched\"><a href=\"https:\/\/soscia.pe\/Consultas\/beneficios-sociales-de-los-trabajadores-en-peru\/\" aria-label=\"Beneficios Sociales de los Trabajadores\"><img loading=\"lazy\" decoding=\"async\" width=\"1200\" height=\"800\" src=\"https:\/\/soscia.pe\/Consultas\/wp-content\/uploads\/2024\/03\/beneficios-sociales-de-los-trabajadores-en-peru.jpg\" class=\"attachment-us_600_600_crop size-us_600_600_crop wp-post-image\" alt=\"beneficios sociales de los trabajadores en peru\" srcset=\"https:\/\/soscia.pe\/Consultas\/wp-content\/uploads\/2024\/03\/beneficios-sociales-de-los-trabajadores-en-peru.jpg 1200w, https:\/\/soscia.pe\/Consultas\/wp-content\/uploads\/2024\/03\/beneficios-sociales-de-los-trabajadores-en-peru-300x200.jpg 300w, https:\/\/soscia.pe\/Consultas\/wp-content\/uploads\/2024\/03\/beneficios-sociales-de-los-trabajadores-en-peru-1024x683.jpg 1024w\" sizes=\"(max-width: 1200px) 100vw, 1200px\" \/><\/a><\/div><h2 class=\"w-post-elm post_title usg_post_title_1 entry-title color_link_inherit\"><a href=\"https:\/\/soscia.pe\/Consultas\/beneficios-sociales-de-los-trabajadores-en-peru\/\">Beneficios Sociales de los Trabajadores<\/a><\/h2>\t\t<\/div>\r\n\t<\/article>\r\n\t<article class=\"w-grid-item size_1x1 post-8463 post type-post status-publish format-standard has-post-thumbnail hentry category-laboral tag-gestion-de-nominas-en-peru tag-gestion-de-planillas-en-peru tag-legislacion-laboral-en-peru tag-leyes-laborales-en-peru\" data-id=\"8463\">\r\n\t\t<div class=\"w-grid-item-h\">\r\n\t\t\t\t\t\t<div class=\"w-post-elm post_image usg_post_image_1 stretched\"><a href=\"https:\/\/soscia.pe\/Consultas\/leyes-laborales-y-gestion-de-nominas-en-peru\/\" aria-label=\"Leyes Laborales y Gesti\u00f3n de N\u00f3minas en Per\u00fa: Gu\u00eda para Empleadores\"><img loading=\"lazy\" decoding=\"async\" width=\"1200\" height=\"800\" src=\"https:\/\/soscia.pe\/Consultas\/wp-content\/uploads\/2024\/02\/leyes-laborales-gestion-de-nominas-planillas.jpg\" class=\"attachment-us_600_600_crop size-us_600_600_crop wp-post-image\" alt=\"leyes laborales y gesti\u00f3n de nominas y planillas\" srcset=\"https:\/\/soscia.pe\/Consultas\/wp-content\/uploads\/2024\/02\/leyes-laborales-gestion-de-nominas-planillas.jpg 1200w, https:\/\/soscia.pe\/Consultas\/wp-content\/uploads\/2024\/02\/leyes-laborales-gestion-de-nominas-planillas-300x200.jpg 300w, https:\/\/soscia.pe\/Consultas\/wp-content\/uploads\/2024\/02\/leyes-laborales-gestion-de-nominas-planillas-1024x683.jpg 1024w\" sizes=\"(max-width: 1200px) 100vw, 1200px\" \/><\/a><\/div><h2 class=\"w-post-elm post_title usg_post_title_1 entry-title color_link_inherit\"><a href=\"https:\/\/soscia.pe\/Consultas\/leyes-laborales-y-gestion-de-nominas-en-peru\/\">Leyes Laborales y Gesti\u00f3n de N\u00f3minas en Per\u00fa: Gu\u00eda para Empleadores<\/a><\/h2>\t\t<\/div>\r\n\t<\/article>\r\n\t<article class=\"w-grid-item size_1x1 post-8353 post type-post status-publish format-standard has-post-thumbnail hentry category-laboral tag-administracion-de-nominas tag-gestion-de-nominas tag-nomina-en-lima\" data-id=\"8353\">\r\n\t\t<div class=\"w-grid-item-h\">\r\n\t\t\t\t\t\t<div class=\"w-post-elm post_image usg_post_image_1 stretched\"><a href=\"https:\/\/soscia.pe\/Consultas\/manejo-de-la-nomina-en-lima-guia-completa-para-empresas\/\" aria-label=\"Manejo de la n\u00f3mina en Lima: Una gu\u00eda completa para empresas\"><img loading=\"lazy\" decoding=\"async\" width=\"1200\" height=\"800\" src=\"https:\/\/soscia.pe\/Consultas\/wp-content\/uploads\/2023\/07\/Manejo-de-la-nomina-en-Lima.jpg\" class=\"attachment-us_600_600_crop size-us_600_600_crop wp-post-image\" alt=\"Manejo de la n\u00f3mina en Lima\" srcset=\"https:\/\/soscia.pe\/Consultas\/wp-content\/uploads\/2023\/07\/Manejo-de-la-nomina-en-Lima.jpg 1200w, https:\/\/soscia.pe\/Consultas\/wp-content\/uploads\/2023\/07\/Manejo-de-la-nomina-en-Lima-300x200.jpg 300w, https:\/\/soscia.pe\/Consultas\/wp-content\/uploads\/2023\/07\/Manejo-de-la-nomina-en-Lima-1024x683.jpg 1024w\" sizes=\"(max-width: 1200px) 100vw, 1200px\" \/><\/a><\/div><h2 class=\"w-post-elm post_title usg_post_title_1 entry-title color_link_inherit\"><a href=\"https:\/\/soscia.pe\/Consultas\/manejo-de-la-nomina-en-lima-guia-completa-para-empresas\/\">Manejo de la n\u00f3mina en Lima: Una gu\u00eda completa para empresas<\/a><\/h2>\t\t<\/div>\r\n\t<\/article>\r\n\t<article class=\"w-grid-item size_1x1 post-8333 post type-post status-publish format-standard has-post-thumbnail hentry category-laboral\" data-id=\"8333\">\r\n\t\t<div class=\"w-grid-item-h\">\r\n\t\t\t\t\t\t<div class=\"w-post-elm post_image usg_post_image_1 stretched\"><a href=\"https:\/\/soscia.pe\/Consultas\/como-promover-la-formalizacion-y-el-crecimiento-de-las-microempresas-en-peru\/\" aria-label=\"\u00bfC\u00f3mo promover la formalizaci\u00f3n y el crecimiento de las microempresas en Per\u00fa?\"><img loading=\"lazy\" decoding=\"async\" width=\"1200\" height=\"800\" src=\"https:\/\/soscia.pe\/Consultas\/wp-content\/uploads\/2023\/06\/formalizacion-y-el-crecimiento-de-las-microempresas-en-Peru.jpg\" class=\"attachment-us_600_600_crop size-us_600_600_crop wp-post-image\" alt=\"formalizaci\u00f3n y el crecimiento de las microempresas en Per\u00fa\" srcset=\"https:\/\/soscia.pe\/Consultas\/wp-content\/uploads\/2023\/06\/formalizacion-y-el-crecimiento-de-las-microempresas-en-Peru.jpg 1200w, https:\/\/soscia.pe\/Consultas\/wp-content\/uploads\/2023\/06\/formalizacion-y-el-crecimiento-de-las-microempresas-en-Peru-300x200.jpg 300w, https:\/\/soscia.pe\/Consultas\/wp-content\/uploads\/2023\/06\/formalizacion-y-el-crecimiento-de-las-microempresas-en-Peru-1024x683.jpg 1024w\" sizes=\"(max-width: 1200px) 100vw, 1200px\" \/><\/a><\/div><h2 class=\"w-post-elm post_title usg_post_title_1 entry-title color_link_inherit\"><a href=\"https:\/\/soscia.pe\/Consultas\/como-promover-la-formalizacion-y-el-crecimiento-de-las-microempresas-en-peru\/\">\u00bfC\u00f3mo promover la formalizaci\u00f3n y el crecimiento de las microempresas en Per\u00fa?<\/a><\/h2>\t\t<\/div>\r\n\t<\/article>\r\n\t<article class=\"w-grid-item size_1x1 post-8274 post type-post status-publish format-standard has-post-thumbnail hentry category-laboral tag-carta-inductiva-de-sunafil tag-sunafil\" data-id=\"8274\">\r\n\t\t<div class=\"w-grid-item-h\">\r\n\t\t\t\t\t\t<div class=\"w-post-elm post_image usg_post_image_1 stretched\"><a href=\"https:\/\/soscia.pe\/Consultas\/por-que-son-enviadas-cartas-inductivas-de-sunafil\/\" aria-label=\"Por qu\u00e9 son enviadas las Cartas Inductivas de SUNAFIL\"><img loading=\"lazy\" decoding=\"async\" width=\"1200\" height=\"800\" src=\"https:\/\/soscia.pe\/Consultas\/wp-content\/uploads\/2023\/02\/Cartas-Inductivas-de-SUNAFIL.jpg\" class=\"attachment-us_600_600_crop size-us_600_600_crop wp-post-image\" alt=\"cartas inductivas en sunafil\" srcset=\"https:\/\/soscia.pe\/Consultas\/wp-content\/uploads\/2023\/02\/Cartas-Inductivas-de-SUNAFIL.jpg 1200w, https:\/\/soscia.pe\/Consultas\/wp-content\/uploads\/2023\/02\/Cartas-Inductivas-de-SUNAFIL-300x200.jpg 300w, https:\/\/soscia.pe\/Consultas\/wp-content\/uploads\/2023\/02\/Cartas-Inductivas-de-SUNAFIL-1024x683.jpg 1024w\" sizes=\"(max-width: 1200px) 100vw, 1200px\" \/><\/a><\/div><h2 class=\"w-post-elm post_title usg_post_title_1 entry-title color_link_inherit\"><a href=\"https:\/\/soscia.pe\/Consultas\/por-que-son-enviadas-cartas-inductivas-de-sunafil\/\">Por qu\u00e9 son enviadas las Cartas Inductivas de SUNAFIL<\/a><\/h2>\t\t<\/div>\r\n\t<\/article>\r\n\t<article class=\"w-grid-item size_1x1 post-8190 post type-post status-publish format-standard has-post-thumbnail hentry category-laboral tag-derecho-a-licencias-laborales tag-derechos-laborales tag-licencias-de-los-trabajadores-en-peru tag-licencias-laborales-en-peru\" data-id=\"8190\">\r\n\t\t<div class=\"w-grid-item-h\">\r\n\t\t\t\t\t\t<div class=\"w-post-elm post_image usg_post_image_1 stretched\"><a href=\"https:\/\/soscia.pe\/Consultas\/licencias-laborales-en-el-peru\/\" aria-label=\"\u00bfCu\u00e1les son las licencias que pueden solicitar los trabajadores?\"><img loading=\"lazy\" decoding=\"async\" width=\"888\" height=\"500\" src=\"https:\/\/soscia.pe\/Consultas\/wp-content\/uploads\/2022\/10\/licencias-laborales-en-peru.jpg\" class=\"attachment-us_600_600_crop size-us_600_600_crop wp-post-image\" alt=\"licencias laborales en peru\" srcset=\"https:\/\/soscia.pe\/Consultas\/wp-content\/uploads\/2022\/10\/licencias-laborales-en-peru.jpg 888w, https:\/\/soscia.pe\/Consultas\/wp-content\/uploads\/2022\/10\/licencias-laborales-en-peru-300x169.jpg 300w\" sizes=\"(max-width: 888px) 100vw, 888px\" \/><\/a><\/div><h2 class=\"w-post-elm post_title usg_post_title_1 entry-title color_link_inherit\"><a href=\"https:\/\/soscia.pe\/Consultas\/licencias-laborales-en-el-peru\/\">\u00bfCu\u00e1les son las licencias que pueden solicitar los trabajadores?<\/a><\/h2>\t\t<\/div>\r\n\t<\/article>\r\n<\/div><div class=\"w-grid-preloader\"><div class=\"g-preloader type_1\">\r\n\t<div><\/div>\r\n<\/div>\r\n<\/div>\t<div class=\"w-grid-json hidden\" onclick='return {&quot;action&quot;:&quot;us_ajax_grid&quot;,&quot;ajax_url&quot;:&quot;https:\\\/\\\/soscia.pe\\\/Consultas\\\/wp-admin\\\/admin-ajax.php&quot;,&quot;infinite_scroll&quot;:0,&quot;max_num_pages&quot;:3,&quot;pagination&quot;:&quot;none&quot;,&quot;permalink_url&quot;:&quot;https:\\\/\\\/soscia.pe\\\/Consultas\\\/wp-json\\\/wp\\\/v2\\\/pages\\\/7834&quot;,&quot;template_vars&quot;:{&quot;columns&quot;:&quot;2&quot;,&quot;exclude_items&quot;:&quot;none&quot;,&quot;img_size&quot;:&quot;default&quot;,&quot;ignore_items_size&quot;:false,&quot;items_layout&quot;:&quot;blog_1&quot;,&quot;items_offset&quot;:&quot;1&quot;,&quot;load_animation&quot;:&quot;none&quot;,&quot;overriding_link&quot;:&quot;none&quot;,&quot;post_id&quot;:7834,&quot;query_args&quot;:{&quot;post_type&quot;:[&quot;post&quot;],&quot;tax_query&quot;:[{&quot;taxonomy&quot;:&quot;category&quot;,&quot;field&quot;:&quot;slug&quot;,&quot;terms&quot;:[&quot;laboral&quot;]}],&quot;post_status&quot;:[&quot;publish&quot;,&quot;acf-disabled&quot;],&quot;posts_per_page&quot;:&quot;10&quot;},&quot;orderby_query_args&quot;:{&quot;orderby&quot;:{&quot;date&quot;:&quot;DESC&quot;}},&quot;type&quot;:&quot;grid&quot;,&quot;us_grid_ajax_index&quot;:1,&quot;us_grid_filter_params&quot;:null,&quot;us_grid_index&quot;:1,&quot;_us_grid_post_type&quot;:&quot;post&quot;}}'><\/div>\r\n\t<\/div><\/div><\/div><\/div><\/div><\/div><\/section><section class=\"l-section wpb_row height_custom\"><div class=\"l-section-h i-cf\"><div class=\"g-cols vc_row type_default valign_top\"><div class=\"vc_col-sm-12 wpb_column vc_column_container\"><div class=\"vc_column-inner\"><div class=\"wpb_wrapper\">[vc_raw_html]JTNDc3R5bGUlM0UlMEElMjAlMjNwYWdlLWhlYWRlciUyQyUyM29rZXdhJTJDJTIzcGFnZS1mb290ZXIlMkMudy10b3BsaW5rLnBvc19yaWdodCU3QiUwQSUyMCUyMCUyMGRpc3BsYXklM0Fub25lJTNCJTBBJTIwJTdEJTBBJTIwLmwtc2VjdGlvbiUzQW50aC1jaGlsZCUyODElMjklMkMubC1zZWN0aW9uJTNBbnRoLWNoaWxkJTI4MyUyOSU3QiUwQSUyMCUyMCUyMGRpc3BsYXklM0Fub25lJTNCJTBBJTIwJTdEJTBBJTIwc2VjdGlvbi5sLXNlY3Rpb24ud3BiX3Jvdy5oZWlnaHRfY3VzdG9tJTIwJTdCJTBBJTIwJTIwJTIwJTIwcGFkZGluZyUzQSUyMDEwcHglMjAwcHglM0IlMEElMjAlN0QlMEElMjAudy1wb3N0LWVsbS5wb3N0X2ltYWdlJTIwaW1nJTIwJTdCJTBBJTIwJTIwJTIwJTIwZGlzcGxheSUzQSUyMGJsb2NrJTNCJTBBJTIwJTIwJTIwJTIwbWF4LWhlaWdodCUzQSUyMDMxMHB4JTIwJTIxaW1wb3J0YW50JTNCJTBBJTIwJTdEJTBBJTNDJTJGc3R5bGUlM0U=[\/vc_raw_html]<\/div><\/div><\/div><\/div><\/div><\/section>\n","protected":false},"excerpt":{"rendered":"Existen diferentes licencias laborales en el Per\u00fa que sus empleados pueden solicitar a lo largo del tiempo que trabajen en su empresa. Dichas licencias le corresponden, por derecho, en casos particulares. Por ejemplo, hay licencia por maternidad, paternidad, licencia por lactancia, licencias sindicales, licencias por tener familiares en estado de salud grave, entre otras.&nbsp; \u00bfCu\u00e1les...","protected":false},"author":1,"featured_media":0,"parent":0,"menu_order":0,"comment_status":"closed","ping_status":"closed","template":"","meta":{"footnotes":""},"class_list":["post-7834","page","type-page","status-publish","hentry"],"acf":[],"_links":{"self":[{"href":"https:\/\/soscia.pe\/Consultas\/wp-json\/wp\/v2\/pages\/7834","targetHints":{"allow":["GET"]}}],"collection":[{"href":"https:\/\/soscia.pe\/Consultas\/wp-json\/wp\/v2\/pages"}],"about":[{"href":"https:\/\/soscia.pe\/Consultas\/wp-json\/wp\/v2\/types\/page"}],"author":[{"embeddable":true,"href":"https:\/\/soscia.pe\/Consultas\/wp-json\/wp\/v2\/users\/1"}],"replies":[{"embeddable":true,"href":"https:\/\/soscia.pe\/Consultas\/wp-json\/wp\/v2\/comments?post=7834"}],"version-history":[{"count":0,"href":"https:\/\/soscia.pe\/Consultas\/wp-json\/wp\/v2\/pages\/7834\/revisions"}],"wp:attachment":[{"href":"https:\/\/soscia.pe\/Consultas\/wp-json\/wp\/v2\/media?parent=7834"}],"curies":[{"name":"wp","href":"https:\/\/api.w.org\/{rel}","templated":true}]}}